 g be 140/25 + 4/10. Calculate the greatest common divisor of b and g.
2
Let m be (12 - -3) + 1 + -4. Calculate the highest common divisor of m and 60.
12
Let k(i) be the first derivative of 53*i**2/2 + i + 5. Let s = 3 - 2. Let o be k(s). What is the highest common divisor of 18 and o?
18
Suppose -5*i - 22 - 18 = 0. Let c be 3030/24 + 2/i. Calculate the greatest common divisor of 14 and c.
14
Let t(c) = -c - 17. Let s(n) = n + 8 - 2 + 10. Let r(a) = 6*s(a) + 5*t(a). Let d be r(-8). Calculate the greatest common divisor of 24 and d.
3
Let v(i) = -108*i. Let y be v(-1). Let z = -60 + y. Calculate the greatest common factor of 12 and z.
12
Suppose 10 = -4*z + 5*z + g, 0 = 4*z - 3*g - 47. Calculate the greatest common divisor of z and 11.
11
Suppose -2*f = -2*o - 12, 4*f + 2*o - 54 + 18 = 0. Suppose 6*u - 3*u = 5*k + 18, 2*u - 8 = 2*k. Calculate the highest common factor of f and u.
1
Suppose -39 = -m + 5*g, 0*m - 4*g + 60 = 3*m. Suppose 4*t - 3*t - 60 = 0. Calculate the greatest common factor of m and t.
12
Let l = 3 - 6. Let o be (2/l)/((-2)/36). What is the highest common factor of o and 6?
6
Suppose 31 = -4*s + 119. What is the highest common divisor of s and 11?
11
Let m be (195/26)/((-2)/(-4)). What is the greatest common divisor of 75 and m?
15
Let r be -10*3/(3 + 0). Let s be (5/3)/((-2)/66). Let i = r - s. What is the highest common factor of 30 and i?
15
Let z be (-2)/(6/(-10)*(-7)/(-21)). What is the greatest common divisor of z and 2?
2
Suppose -21 - 21 = -k. Let h(o) = o**3 - 7*o**2 + 7*o - 3. Let c be h(6). Let b(z) = 8*z + 4. Let t be b(c). Calculate the greatest common factor of t and k.
14
Suppose 0*x - 2*x = -u + 4, 0 = -4*x + 12. Let o = 16 - u. What is the highest common factor of o and 9?
3
Let b(o) = o**2 - 11*o + 7. Let r(c) = c**2 - 11*c + 6. Let f(w) = 5*b(w) - 6*r(w). Let m be f(8). Calculate the highest common factor of 184 and m.
23
Suppose -5*d = d - 156. What is the greatest common factor of d and 234?
26
Let o(t) = 2*t + 12. Let j be o(-5). Calculate the greatest common factor of j and 18.
2
Let j = 123 - 81. What is the greatest common factor of 63 and j?
21
Let a be (-72)/7 - (-8)/28. Let z = 30 + a. Calculate the highest common factor of z and 10.
10
Suppose 0*n + 33 = 3*n. Suppose -o + 1 + 2 = 0. Suppose -2*k = -o*f + 5 + 38, -2*f - k + 17 = 0. Calculate the highest common factor of n and f.
11
Let j be 2/(2/(1 - -1)). Suppose 3 = i, -4*g - 2 + 8 = 2*i. Let f = g - -4. What is the greatest common divisor of f and j?
2
Let u be (-1)/(-2) - (-27)/6. Let r(n) = n**3 - 4*n**2 - n - 5. Let a be r(u). What is the highest common factor of a and 135?
15
Suppose 3*t + 6 = 3*r, -5*r + 0*r + 2*t = -10. Suppose 0*l + 8 = l. What is the highest common factor of r and l?
2
Let t be 60/9*3/2. Suppose -t = 3*l - 58. What is the highest common factor of l and 128?
16
Let q = -73 + 111. Let j = q - 8. Let v = -27 - -42. What is the greatest common divisor of j and v?
15
Let h = -1012 - -658. Let v = h - -136. Let k = -108 - v. What is the highest common factor of k and 10?
10
Let b = -45 - -3. Let a = -3 + 6. Let t be ((-2)/4)/(a/b). Calculate the highest common divisor of t and 35.
7
Let g = -23 - -34. Calculate the greatest common divisor of g and 121.
11
Let r be 2/3 + (-2)/(-6). Let w be 4/4 - r/(-1). Calculate the highest common factor of 2 and w.
2
Suppose -3*v = -2*h + 41, 2*h - 31 = 5*v + 4. Calculate the highest common factor of 10 and h.
5
Let d(y) = y**3 + 8*y**2 + 2. Let c be d(-7). Calculate the greatest common divisor of 17 and c.
17
Let t = 5 + -3. Suppose -t*o + 8 = -4. Suppose 0 = u - o - 2. Calculate the greatest common factor of u and 56.
8
Suppose 2*o - 3 = -3*s, -2*s + 4 + 5 = -o. Suppose 0 = -q + 9 + s. Calculate the highest common factor of 48 and q.
12
Let x(r) = -r**3 - 2*r**2 + 7*r - 2. Let d = -13 - -8. Let g be x(d). What is the greatest common factor of g and 57?
19
Let q = 2 - 2. Suppose 1 = -k, -5*k = -2*y - q*y + 23. Let s = -1 + y. What is the greatest common factor of 2 and s?
2
Let d(f) = f**2 - f + 20. Let k be d(12). What is the highest common factor of k and 19?
19
Let n(q) = 2*q + 9. Let f be n(10). Let r = f - 15. Suppose -2 = 2*z + 2*v, -z - r = 5*v + 7. Calculate the greatest common divisor of 32 and z.
4
Let q(a) = 4*a + 32. Let k be q(0). Calculate the greatest common factor of 96 and k.
32
Suppose 3*v - 123 = -5*t, -4*v - 45 = -5*v - 3*t. Suppose -5*u + v = -u. Calculate the greatest common divisor of 9 and u.
9
Let n = -1 + 4. Suppose -3*t + 68 = i, 50 = 2*t - n*i - i. What is the highest common divisor of t and 207?
23
Suppose 0 = 4*k + 6*q - q - 29, 3*q = 3. Calculate the highest common divisor of 9 and k.
3
Let l(w) = 29*w + 1. Let j be l(-3). Let t = j + 122. Calculate the highest common factor of 9 and t.
9
Let a(b) = -b**3 - 6*b**2 - 5*b. Let p(c) = -c**3 + 5. Let n be p(0). Suppose -14 = -n*q - 44. Let y be a(q). What is the highest common factor of 10 and y?
10
Suppose -3*t + t + 4 = 0. Let i(a) = a**3 + 6*a**2 - 4*a**2 - a - 2 - a**2 + 3. Let x be i(t). Calculate the highest common factor of x and 11.
11
Suppose -5*k - 135 = -2*s, 0*s - 2*s - 2*k = -128. Let j(x) = 12*x + 2. Let l be j(2). Calculate the highest common factor of l and s.
13
Let k be (-1)/(2*2/(-192)). Let b(g) = -g**3 + 14*g**2 - 2*g + 34. Let x be b(14). What is the greatest common factor of x and k?
6
Suppose -4 = -2*q, 0 = 3*r + 2*r + q - 67. Let h be (-1 + -1)/(-2) + r. What is the highest common divisor of 28 and h?
14
Suppose 3*h - 6 = -0*h, 5*j + 3*h = 276. Let i(c) = 3*c**2 - 6*c - 3. Let q be i(3). Calculate the greatest common divisor of q and j.
6
Let f(w) = 19*w - 3. Let l be f(6). Calculate the highest common factor of 74 and l.
37
Let v(x) = 5*x**2 - 3*x - 5. Let s(n) = -n**2 - 3*n + 4. Let d be s(-3). Let y be v(d). Suppose -3*l = -5*l + 14. What is the highest common factor of y and l?
7
Suppose -2*u = -3*q - 20, -4*q + 2*u - u - 30 = 0. Let f = 15 + q. Calculate the greatest common divisor of f and 21.
7
Suppose 225 = 3*m + 45. Let z be (-144)/20*(-20)/6. Calculate the highest common factor of z and m.
12
Let s(t) = 7*t + 2. Let i be s(4). Calculate the highest common factor of i and 12.
6
Let r = 3 - 3. Suppose w + r = 6. Calculate the highest common factor of 9 and w.
3
Let q(i) = 2*i**2 + 4*i. Let j be q(-3). Let m = j + -5. What is the greatest common divisor of 8 and m?
1
Let r(u) = -6*u. Let q be r(-6). Suppose h - 3*w - 8 = 0, -3*w + 38 + 20 = 5*h. Let l be h - (1 - 0 - 2). What is the highest common divisor of q and l?
12
Suppose -3*z + 43 = -32. Let q(w) = -7*w**3 - 3*w**2 - 5*w - 4. Let a be q(-2). Calculate the greatest common factor of z and a.
25
Let g be (-21)/(-4) - (-1)/(-4). Suppose 0*b + 4*b = 4*v + 132, g*v = -25. What is the greatest common factor of 7 and b?
7
Suppose m - 5*s - 146 = 0, -2*s - 118 = -m - 4*s. What is the highest common divisor of m and 14?
14
Let c be ((-3888)/(-10))/((-3)/15). Let d be 4/14 + c/(-56). Suppose -d = -o - 4*o. What is the highest common factor of o and 77?
7
Suppose 3*v + 2*v = 180. Suppose 0 = -0*n - 3*n + v. Calculate the greatest common divisor of 3 and n.
3
Let c be 16*1 + (1 - -3). Calculate the greatest common factor of c and 50.
10
Suppose 0 = 4*v + 48 + 20. Let z = -32 - v. Let r be (z/(-2))/(15/20). What is the highest common divisor of r and 15?
5
Suppose -24 = -5*h - 4. What is the highest common factor of h and 8?
4
Suppose 0 = 3*r - 3*l - 36, -2*l = -0*l. Suppose 3*k - 57 + r = 0. Calculate the greatest common divisor of 135 and k.
15
Suppose 4*l + 3*l = 126. Calculate the greatest common divisor of l and 3.
3
Let i be 86/10 - (4 + (-51)/15). Calculate the highest common divisor of i and 88.
8
Let t be 1 - (-33 - 0) - 2. Suppose 0*i + t = 4*i. Suppose m - 10 = 2. What is the highest common factor of m and i?
4
Let s = -4 - -4. Suppose -4 - 8 = 4*p + 5*c, s = -3*p + c + 10. Let l(f) = 8*f**2 + 3*f - 3. Let x be l(p). Calculate the greatest common divisor of x and 5.
5
Let y be (-5 + -1 + 3)*-1. Let c(h) = 2*h - 1. Let j be c(y). What is the greatest common factor of j and 10?
5
Let z = -493 + 335. Let r = z - -323. Let o = 47 + -32. What is the highest common factor of o and r?
15
Let a = 153 + -127. Calculate the highest co